{"id":1494,"date":"2026-03-19T11:26:28","date_gmt":"2026-03-19T11:26:28","guid":{"rendered":"https:\/\/arduinoweekextremadura.es\/?page_id=1494"},"modified":"2026-03-19T11:47:14","modified_gmt":"2026-03-19T11:47:14","slug":"coria","status":"publish","type":"page","link":"https:\/\/arduinoweekextremadura.es\/index.php\/coria\/","title":{"rendered":"Coria"},"content":{"rendered":"<style>.kb-row-layout-id1494_73614e-d6 > .kt-row-column-wrap{align-content:start;}:where(.kb-row-layout-id1494_73614e-d6 > .kt-row-column-wrap) > .wp-block-kadence-column{justify-content:start;}.kb-row-layout-id1494_73614e-d6 > .kt-row-column-wrap{column-gap:var(--global-kb-gap-md, 2rem);row-gap:var(--global-kb-gap-md, 2rem);max-width:var( --global-content-width, 1290px );padding-left:var(--global-content-edge-padding);padding-right:var(--global-content-edge-padding);padding-top:150px;padding-bottom:243px;grid-template-columns:minmax(0, 1fr);}.kb-row-layout-id1494_73614e-d6{background-image:url('https:\/\/arduinoweekextremadura.es\/wp-content\/uploads\/2026\/03\/coria.jpg');background-size:cover;background-position:36% 49%;background-attachment:scroll;background-repeat:no-repeat;}.kb-row-layout-id1494_73614e-d6 > .kt-row-layout-overlay{opacity:0.00;background:linear-gradient(112deg, var(--global-palette1) 0%, var(--global-palette2) 100%);mix-blend-mode:multiply;}@media all and (max-width: 1024px), only screen and (min-device-width: 1024px) and (max-device-width: 1366px) and (-webkit-min-device-pixel-ratio: 2) and (hover: none){.kb-row-layout-wrap.wp-block-kadence-rowlayout.kb-row-layout-id1494_73614e-d6{background-image:url('https:\/\/arduinoweekextremadura.es\/wp-content\/uploads\/2022\/03\/centro-universitario.jpg');background-size:auto;background-position:63% 56.99999999999999%;background-attachment:scroll;background-repeat:no-repeat;}}@media all and (max-width: 1024px){.kb-row-layout-id1494_73614e-d6 > .kt-row-column-wrap{padding-bottom:243px;grid-template-columns:minmax(0, 1fr);}}@media all and (max-width: 767px){.kb-row-layout-id1494_73614e-d6 > .kt-row-column-wrap{padding-bottom:243px;grid-template-columns:minmax(0, 1fr);}.kb-row-layout-wrap.wp-block-kadence-rowlayout.kb-row-layout-id1494_73614e-d6{background-image:url('https:\/\/arduinoweekextremadura.es\/wp-content\/uploads\/2022\/03\/centro-universitario.jpg');background-size:auto;background-position:69% 67%;background-attachment:scroll;background-repeat:repeat-y;}}<\/style><div class=\"kb-row-layout-wrap kb-row-layout-id1494_73614e-d6 alignnone kt-row-has-bg wp-block-kadence-rowlayout\"><div class=\"kt-row-layout-overlay kt-row-overlay-gradient\"><\/div><div class=\"kt-row-column-wrap kt-has-1-columns kt-row-layout-equal kt-tab-layout-inherit kt-mobile-layout-row kt-row-valign-top kb-theme-content-width\">\n<style>.kadence-column1494_9a4689-24 > .kt-inside-inner-col,.kadence-column1494_9a4689-24 > .kt-inside-inner-col:before{border-top-left-radius:0px;border-top-right-radius:0px;border-bottom-right-radius:0px;border-bottom-left-radius:0px;}.kadence-column1494_9a4689-24 > .kt-inside-inner-col{column-gap:var(--global-kb-gap-sm, 1rem);}.kadence-column1494_9a4689-24 > .kt-inside-inner-col{flex-direction:column;}.kadence-column1494_9a4689-24 > .kt-inside-inner-col > .aligncenter{width:100%;}.kadence-column1494_9a4689-24 > .kt-inside-inner-col:before{opacity:0.3;}.kadence-column1494_9a4689-24{position:relative;}@media all and (max-width: 1024px){.kadence-column1494_9a4689-24 > .kt-inside-inner-col{flex-direction:column;justify-content:center;}}@media all and (max-width: 767px){.kadence-column1494_9a4689-24 > .kt-inside-inner-col{flex-direction:column;justify-content:center;}}<\/style>\n<div class=\"wp-block-kadence-column kadence-column1494_9a4689-24 inner-column-1\"><div class=\"kt-inside-inner-col\"><style>.wp-block-kadence-advancedheading.kt-adv-heading1494_02d0ab-42, .wp-block-kadence-advancedheading.kt-adv-heading1494_02d0ab-42[data-kb-block=\"kb-adv-heading1494_02d0ab-42\"]{font-style:normal;}.wp-block-kadence-advancedheading.kt-adv-heading1494_02d0ab-42 mark.kt-highlight, .wp-block-kadence-advancedheading.kt-adv-heading1494_02d0ab-42[data-kb-block=\"kb-adv-heading1494_02d0ab-42\"] mark.kt-highlight{font-style:normal;color:#f76a0c;-webkit-box-decoration-break:clone;box-decoration-break:clone;padding-top:0px;padding-right:0px;padding-bottom:0px;padding-left:0px;}.wp-block-kadence-advancedheading.kt-adv-heading1494_02d0ab-42 img.kb-inline-image, .wp-block-kadence-advancedheading.kt-adv-heading1494_02d0ab-42[data-kb-block=\"kb-adv-heading1494_02d0ab-42\"] img.kb-inline-image{width:150px;vertical-align:baseline;}<\/style>\n<p class=\"kt-adv-heading1494_02d0ab-42 wp-block-kadence-advancedheading has-theme-palette-9-color has-text-color\" data-kb-block=\"kb-adv-heading1494_02d0ab-42\"><\/p>\n\n\n<style>.wp-block-kadence-advancedheading.kt-adv-heading1494_b30b8d-57, .wp-block-kadence-advancedheading.kt-adv-heading1494_b30b8d-57[data-kb-block=\"kb-adv-heading1494_b30b8d-57\"]{text-align:left;font-size:41px;line-height:5px;font-style:normal;text-transform:uppercase;text-shadow:1px 1px 1px var(--global-palette2, #2B6CB0);}.wp-block-kadence-advancedheading.kt-adv-heading1494_b30b8d-57 mark.kt-highlight, .wp-block-kadence-advancedheading.kt-adv-heading1494_b30b8d-57[data-kb-block=\"kb-adv-heading1494_b30b8d-57\"] mark.kt-highlight{letter-spacing:4.3px;line-height:96px;font-style:normal;color:#f76a0c;-webkit-box-decoration-break:clone;box-decoration-break:clone;padding-top:0px;padding-right:0px;padding-bottom:0px;padding-left:0px;}.wp-block-kadence-advancedheading.kt-adv-heading1494_b30b8d-57 img.kb-inline-image, .wp-block-kadence-advancedheading.kt-adv-heading1494_b30b8d-57[data-kb-block=\"kb-adv-heading1494_b30b8d-57\"] img.kb-inline-image{width:150px;vertical-align:baseline;}@media all and (max-width: 1024px){.wp-block-kadence-advancedheading.kt-adv-heading1494_b30b8d-57, .wp-block-kadence-advancedheading.kt-adv-heading1494_b30b8d-57[data-kb-block=\"kb-adv-heading1494_b30b8d-57\"]{text-shadow:1px 1px 1px var(--global-palette2, #2B6CB0);font-size:35px;line-height:59px;text-align:center!important;}}@media all and (max-width: 767px){.wp-block-kadence-advancedheading.kt-adv-heading1494_b30b8d-57, .wp-block-kadence-advancedheading.kt-adv-heading1494_b30b8d-57[data-kb-block=\"kb-adv-heading1494_b30b8d-57\"]{text-shadow:1px 1px 1px var(--global-palette2, #2B6CB0);font-size:29px;line-height:40px;text-align:center!important;}}<\/style>\n<h2 class=\"kt-adv-heading1494_b30b8d-57 wp-block-kadence-advancedheading has-theme-palette-9-color has-text-color\" data-kb-block=\"kb-adv-heading1494_b30b8d-57\">circular fab coria<\/h2>\n<\/div><\/div>\n\n<\/div><\/div>\n\n<style>.kb-row-layout-id1494_c0d17a-1d > .kt-row-column-wrap{align-content:start;}:where(.kb-row-layout-id1494_c0d17a-1d > .kt-row-column-wrap) > .wp-block-kadence-column{justify-content:start;}.kb-row-layout-id1494_c0d17a-1d > .kt-row-column-wrap{column-gap:var(--global-kb-gap-md, 2rem);row-gap:var(--global-kb-gap-md, 2rem);max-width:var( --global-content-width, 1290px );padding-left:var(--global-content-edge-padding);padding-right:var(--global-content-edge-padding);padding-top:80px;padding-bottom:80px;grid-template-columns:minmax(0, 1fr);}.kb-row-layout-id1494_c0d17a-1d > .kt-row-layout-overlay{opacity:0.30;}@media all and (max-width: 1024px){.kb-row-layout-id1494_c0d17a-1d > .kt-row-column-wrap{grid-template-columns:minmax(0, 1fr);}}@media all and (max-width: 767px){.kb-row-layout-id1494_c0d17a-1d > .kt-row-column-wrap{grid-template-columns:minmax(0, 1fr);}}<\/style><div class=\"kb-row-layout-wrap kb-row-layout-id1494_c0d17a-1d alignnone has-theme-palette8-background-color kt-row-has-bg wp-block-kadence-rowlayout\"><div class=\"kt-row-column-wrap kt-has-1-columns kt-row-layout-equal kt-tab-layout-inherit kt-mobile-layout-row kt-row-valign-top kb-theme-content-width\">\n<style>.kadence-column1494_006b1e-40 > .kt-inside-inner-col,.kadence-column1494_006b1e-40 > .kt-inside-inner-col:before{border-top-left-radius:0px;border-top-right-radius:0px;border-bottom-right-radius:0px;border-bottom-left-radius:0px;}.kadence-column1494_006b1e-40 > .kt-inside-inner-col{column-gap:var(--global-kb-gap-sm, 1rem);}.kadence-column1494_006b1e-40 > .kt-inside-inner-col{flex-direction:column;}.kadence-column1494_006b1e-40 > .kt-inside-inner-col > .aligncenter{width:100%;}.kadence-column1494_006b1e-40 > .kt-inside-inner-col:before{opacity:0.3;}.kadence-column1494_006b1e-40{position:relative;}@media all and (max-width: 1024px){.kadence-column1494_006b1e-40 > .kt-inside-inner-col{flex-direction:column;justify-content:center;}}@media all and (max-width: 767px){.kadence-column1494_006b1e-40 > .kt-inside-inner-col{flex-direction:column;justify-content:center;}}<\/style>\n<div class=\"wp-block-kadence-column kadence-column1494_006b1e-40 inner-column-1\"><div class=\"kt-inside-inner-col\"><style>.wp-block-kadence-advancedheading.kt-adv-heading1494_7969d5-a5, .wp-block-kadence-advancedheading.kt-adv-heading1494_7969d5-a5[data-kb-block=\"kb-adv-heading1494_7969d5-a5\"]{text-align:center;font-size:22px;font-style:normal;}.wp-block-kadence-advancedheading.kt-adv-heading1494_7969d5-a5 mark.kt-highlight, .wp-block-kadence-advancedheading.kt-adv-heading1494_7969d5-a5[data-kb-block=\"kb-adv-heading1494_7969d5-a5\"] mark.kt-highlight{font-style:normal;color:#f76a0c;-webkit-box-decoration-break:clone;box-decoration-break:clone;padding-top:0px;padding-right:0px;padding-bottom:0px;padding-left:0px;}.wp-block-kadence-advancedheading.kt-adv-heading1494_7969d5-a5 img.kb-inline-image, .wp-block-kadence-advancedheading.kt-adv-heading1494_7969d5-a5[data-kb-block=\"kb-adv-heading1494_7969d5-a5\"] img.kb-inline-image{width:150px;vertical-align:baseline;}<\/style>\n<p class=\"kt-adv-heading1494_7969d5-a5 wp-block-kadence-advancedheading has-theme-palette-3-color has-text-color\" data-kb-block=\"kb-adv-heading1494_7969d5-a5\">Un <strong>Circular FAB<\/strong> es un centro de innovaci\u00f3n territorial que impulsa la digitalizaci\u00f3n, la sostenibilidad y el emprendimiento en entornos rurales, ofreciendo formaci\u00f3n, tecnolog\u00eda y apoyo a empresas y ciudadan\u00eda.<\/p>\n<\/div><\/div>\n\n<\/div><\/div>\n\n<style>.kb-row-layout-id1494_e77b7d-f5 > .kt-row-column-wrap{align-content:start;}:where(.kb-row-layout-id1494_e77b7d-f5 > .kt-row-column-wrap) > .wp-block-kadence-column{justify-content:start;}.kb-row-layout-id1494_e77b7d-f5 > .kt-row-column-wrap{column-gap:80px;row-gap:var(--global-kb-gap-md, 2rem);max-width:var( --global-content-width, 1290px );padding-left:var(--global-content-edge-padding);padding-right:var(--global-content-edge-padding);padding-top:78px;padding-bottom:80px;grid-template-columns:minmax(0, calc(45% - ((80px * 1 )\/2)))minmax(0, calc(55% - ((80px * 1 )\/2)));}.kb-row-layout-id1494_e77b7d-f5 > .kt-row-layout-overlay{opacity:0.30;}@media all and (max-width: 1024px){.kb-row-layout-id1494_e77b7d-f5 > .kt-row-column-wrap{grid-template-columns:minmax(0, 1fr) minmax(0, 2fr);}}@media all and (max-width: 767px){.kb-row-layout-id1494_e77b7d-f5 > .kt-row-column-wrap{grid-template-columns:minmax(0, 1fr);}}<\/style><div class=\"kb-row-layout-wrap kb-row-layout-id1494_e77b7d-f5 alignnone wp-block-kadence-rowlayout\"><div class=\"kt-row-column-wrap kt-has-2-columns kt-row-layout-right-golden kt-tab-layout-inherit kt-mobile-layout-row kt-row-valign-top kt-inner-column-height-full kb-theme-content-width\">\n<style>.kadence-column1494_9d292a-ce > .kt-inside-inner-col,.kadence-column1494_9d292a-ce > .kt-inside-inner-col:before{border-top-left-radius:10px;border-top-right-radius:10px;border-bottom-right-radius:10px;border-bottom-left-radius:10px;}.kadence-column1494_9d292a-ce > .kt-inside-inner-col{column-gap:var(--global-kb-gap-sm, 1rem);}.kadence-column1494_9d292a-ce > .kt-inside-inner-col{flex-direction:column;}.kadence-column1494_9d292a-ce > .kt-inside-inner-col > .aligncenter{width:100%;}.kadence-column1494_9d292a-ce > .kt-inside-inner-col{background-image:url('https:\/\/arduinoweekextremadura.es\/wp-content\/uploads\/2024\/02\/91973509_c11721d6-bc25-4aec-95e3-960ceb36c374-e1709031951829.jpg');background-size:cover;background-position:43% 49%;background-attachment:scroll;background-repeat:no-repeat;}.kadence-column1494_9d292a-ce > .kt-inside-inner-col:before{opacity:0.3;}.kadence-column1494_9d292a-ce{position:relative;}@media all and (max-width: 1024px){.kadence-column1494_9d292a-ce > .kt-inside-inner-col{flex-direction:column;justify-content:center;}}@media all and (max-width: 767px){.kadence-column1494_9d292a-ce > .kt-inside-inner-col{padding-bottom:300px;flex-direction:column;justify-content:center;}}<\/style>\n<div class=\"wp-block-kadence-column kadence-column1494_9d292a-ce inner-column-1\"><div class=\"kt-inside-inner-col\"><\/div><\/div>\n\n\n<style>.kadence-column1494_3862b3-08 > .kt-inside-inner-col,.kadence-column1494_3862b3-08 > .kt-inside-inner-col:before{border-top-left-radius:0px;border-top-right-radius:0px;border-bottom-right-radius:0px;border-bottom-left-radius:0px;}.kadence-column1494_3862b3-08 > .kt-inside-inner-col{column-gap:var(--global-kb-gap-sm, 1rem);}.kadence-column1494_3862b3-08 > .kt-inside-inner-col{flex-direction:column;}.kadence-column1494_3862b3-08 > .kt-inside-inner-col > .aligncenter{width:100%;}.kadence-column1494_3862b3-08 > .kt-inside-inner-col:before{opacity:0.3;}.kadence-column1494_3862b3-08{position:relative;}.kadence-column1494_3862b3-08, .kt-inside-inner-col > .kadence-column1494_3862b3-08:not(.specificity){margin-right:100px;}@media all and (max-width: 1024px){.kadence-column1494_3862b3-08 > .kt-inside-inner-col{flex-direction:column;justify-content:center;}}@media all and (max-width: 767px){.kadence-column1494_3862b3-08 > .kt-inside-inner-col{padding-right:0px;flex-direction:column;justify-content:center;}.kadence-column1494_3862b3-08, .kt-inside-inner-col > .kadence-column1494_3862b3-08:not(.specificity){margin-right:0px;}}<\/style>\n<div class=\"wp-block-kadence-column kadence-column1494_3862b3-08 inner-column-2\"><div class=\"kt-inside-inner-col\"><style>.wp-block-kadence-advancedheading.kt-adv-heading1494_2101d7-10, .wp-block-kadence-advancedheading.kt-adv-heading1494_2101d7-10[data-kb-block=\"kb-adv-heading1494_2101d7-10\"]{font-style:normal;}.wp-block-kadence-advancedheading.kt-adv-heading1494_2101d7-10 mark.kt-highlight, .wp-block-kadence-advancedheading.kt-adv-heading1494_2101d7-10[data-kb-block=\"kb-adv-heading1494_2101d7-10\"] mark.kt-highlight{font-style:normal;color:#f76a0c;-webkit-box-decoration-break:clone;box-decoration-break:clone;padding-top:0px;padding-right:0px;padding-bottom:0px;padding-left:0px;}.wp-block-kadence-advancedheading.kt-adv-heading1494_2101d7-10 img.kb-inline-image, .wp-block-kadence-advancedheading.kt-adv-heading1494_2101d7-10[data-kb-block=\"kb-adv-heading1494_2101d7-10\"] img.kb-inline-image{width:150px;vertical-align:baseline;}@media all and (max-width: 767px){.wp-block-kadence-advancedheading.kt-adv-heading1494_2101d7-10, .wp-block-kadence-advancedheading.kt-adv-heading1494_2101d7-10[data-kb-block=\"kb-adv-heading1494_2101d7-10\"]{padding-right:0px;}}<\/style>\n<h2 class=\"kt-adv-heading1494_2101d7-10 wp-block-kadence-advancedheading has-theme-palette-3-color has-text-color\" data-kb-block=\"kb-adv-heading1494_2101d7-10\">Actividades<\/h2>\n\n\n<style>.wp-block-kadence-advancedheading.kt-adv-heading1494_f73cee-eb, .wp-block-kadence-advancedheading.kt-adv-heading1494_f73cee-eb[data-kb-block=\"kb-adv-heading1494_f73cee-eb\"]{font-style:normal;text-transform:none;}.wp-block-kadence-advancedheading.kt-adv-heading1494_f73cee-eb mark.kt-highlight, .wp-block-kadence-advancedheading.kt-adv-heading1494_f73cee-eb[data-kb-block=\"kb-adv-heading1494_f73cee-eb\"] mark.kt-highlight{font-style:normal;color:#f76a0c;-webkit-box-decoration-break:clone;box-decoration-break:clone;padding-top:0px;padding-right:0px;padding-bottom:0px;padding-left:0px;}.wp-block-kadence-advancedheading.kt-adv-heading1494_f73cee-eb img.kb-inline-image, .wp-block-kadence-advancedheading.kt-adv-heading1494_f73cee-eb[data-kb-block=\"kb-adv-heading1494_f73cee-eb\"] img.kb-inline-image{width:150px;vertical-align:baseline;}<\/style>\n<h5 class=\"kt-adv-heading1494_f73cee-eb wp-block-kadence-advancedheading has-theme-palette-1-color has-text-color\" data-kb-block=\"kb-adv-heading1494_f73cee-eb\">La Magia del C\u00f3digo F\u00edsico<\/h5>\n\n\n\n<p>Taller orientado a iniciarse en programaci\u00f3n y montaje de circuitos b\u00e1sicos, dirigido a personas sin experiencia previa.<\/p>\n\n\n\n<pre class=\"wp-block-verse has-theme-palette-3-color has-text-color\"><strong>Fecha:<\/strong> <strong>8 y 9 de abril de 2026<\/strong><br><strong>Lugar: Circular FAB de Coria<\/strong><br><strong>Horario: 15:00 a 17:30h.<\/strong><\/pre>\n\n\n\n<div class=\"wp-block-buttons is-layout-flex wp-block-buttons-is-layout-flex\">\n<div class=\"wp-block-button\"><a class=\"wp-block-button__link wp-element-button\" href=\"https:\/\/coria.circularfab.es\/actualidad\/\" target=\"_blank\" rel=\"noreferrer noopener\">\u00a1Inscr\u00edbete aqu\u00ed!<\/a><\/div>\n<\/div>\n<\/div><\/div>\n\n<\/div><\/div>\n\n<style>.kb-google-maps-container1494_ff36c5-d2{height:450px;}<\/style><div class=\"kb-google-maps-container kb-google-maps-container1494_ff36c5-d2  wp-block-kadence-googlemaps\" data-mapid=\"1494_ff36c5d2\"><iframe width=\"100%\" height=\"100%\"\n\t\t\t\t\t\t\tstyle=\"border:0\" loading=\"lazy\"\n\t\t\t\t\t\t\tsrc=\"https:\/\/www.google.com\/maps\/embed\/v1\/place?key=AIzaSyBAM2o7PiQqwk15LC1XRH2e_KJ-jUa7KYk&#038;zoom=14&#038;maptype=satellite&#038;q=Circular+FAB+Coria\"\n\t\t\t\t\t\t\ttitle=\"Mapa de Google de Circular FAB Coria\"><\/iframe><\/div><script>function kb_google_map1494_ff36c5d2() { let center = { lat: 37.8201, lng: -122.4781}; let map = new google.maps.Map(document.getElementById(\"kb-google-map1494_ff36c5d2\"), {\n\t\t\t\t\t    zoom: 14,\n\t\t\t\t\t    center: center,mapTypeId: \"satellite\",});let marker = new google.maps.Marker({   position: { lat: 37.8201, lng: -122.4781},    map: map,  });}<\/script>\n\n<style>.kb-row-layout-id1494_187552-37 > .kt-row-column-wrap{align-content:start;}:where(.kb-row-layout-id1494_187552-37 > .kt-row-column-wrap) > .wp-block-kadence-column{justify-content:start;}.kb-row-layout-id1494_187552-37 > .kt-row-column-wrap{column-gap:var(--global-kb-gap-md, 2rem);row-gap:var(--global-kb-gap-md, 2rem);max-width:var( --global-content-width, 1290px );padding-left:var(--global-content-edge-padding);padding-right:var(--global-content-edge-padding);padding-top:13px;padding-bottom:59px;grid-template-columns:minmax(0, 1fr);}.kb-row-layout-id1494_187552-37 > .kt-row-layout-overlay{opacity:0.30;}@media all and (max-width: 1024px){.kb-row-layout-id1494_187552-37 > .kt-row-column-wrap{grid-template-columns:minmax(0, 1fr);}}@media all and (max-width: 767px){.kb-row-layout-id1494_187552-37 > .kt-row-column-wrap{grid-template-columns:minmax(0, 1fr);}}.kb-row-layout-id1494_187552-37 .ld_course_grid .caption h3 {n    font-size: 22px;n    font-weight: 500;n}nn.kb-row-layout-id1494_187552-37 .ld-course-list-items .ld_course_grid .thumbnail.course img {n  border-radius: 20px;n}n.kb-row-layout-id1494_187552-37 .ld-course-list-items .ld_course_grid .thumbnail.course {n  border: none;n}n.kb-row-layout-id1494_187552-37 .ld-course-list-items .ld_course_grid .thumbnail .caption p,n.kb-row-layout-id1494_187552-37 .ld-course-list-items .ld_course_grid .thumbnail.course a.btn-primary {n  text-transform: uppercase;n  font-weight: bold;n  color: var(u002du002dglobal-palette1, #3182CE);n  background: none;n  font-weight: 600;n  font-size: 20px;n  letter-spacing: 1px;n  padding: 0;n  text-align: left;n  font-family: 'Barlow Condensed', sans-serif;n}<\/style><div class=\"kb-row-layout-wrap kb-row-layout-id1494_187552-37 alignnone wp-block-kadence-rowlayout\"><div class=\"kt-row-column-wrap kt-has-1-columns kt-row-layout-equal kt-tab-layout-inherit kt-mobile-layout-row kt-row-valign-top kb-theme-content-width\">\n<style>.kadence-column1494_b427b7-f5 > .kt-inside-inner-col,.kadence-column1494_b427b7-f5 > .kt-inside-inner-col:before{border-top-left-radius:0px;border-top-right-radius:0px;border-bottom-right-radius:0px;border-bottom-left-radius:0px;}.kadence-column1494_b427b7-f5 > .kt-inside-inner-col{column-gap:var(--global-kb-gap-sm, 1rem);}.kadence-column1494_b427b7-f5 > .kt-inside-inner-col{flex-direction:column;}.kadence-column1494_b427b7-f5 > .kt-inside-inner-col > .aligncenter{width:100%;}.kadence-column1494_b427b7-f5 > .kt-inside-inner-col:before{opacity:0.3;}.kadence-column1494_b427b7-f5{position:relative;}@media all and (max-width: 1024px){.kadence-column1494_b427b7-f5 > .kt-inside-inner-col{flex-direction:column;justify-content:center;}}@media all and (max-width: 767px){.kadence-column1494_b427b7-f5 > .kt-inside-inner-col{flex-direction:column;justify-content:center;}}<\/style>\n<div class=\"wp-block-kadence-column kadence-column1494_b427b7-f5 inner-column-1\"><div class=\"kt-inside-inner-col\"><style>.wp-block-kadence-advancedheading.kt-adv-heading1494_859aa1-e7, .wp-block-kadence-advancedheading.kt-adv-heading1494_859aa1-e7[data-kb-block=\"kb-adv-heading1494_859aa1-e7\"]{text-align:center;font-style:normal;}.wp-block-kadence-advancedheading.kt-adv-heading1494_859aa1-e7 mark.kt-highlight, .wp-block-kadence-advancedheading.kt-adv-heading1494_859aa1-e7[data-kb-block=\"kb-adv-heading1494_859aa1-e7\"] mark.kt-highlight{font-style:normal;color:#f76a0c;-webkit-box-decoration-break:clone;box-decoration-break:clone;padding-top:0px;padding-right:0px;padding-bottom:0px;padding-left:0px;}.wp-block-kadence-advancedheading.kt-adv-heading1494_859aa1-e7 img.kb-inline-image, .wp-block-kadence-advancedheading.kt-adv-heading1494_859aa1-e7[data-kb-block=\"kb-adv-heading1494_859aa1-e7\"] img.kb-inline-image{width:150px;vertical-align:baseline;}<\/style>\n<h2 class=\"kt-adv-heading1494_859aa1-e7 wp-block-kadence-advancedheading has-theme-palette-4-color has-text-color\" data-kb-block=\"kb-adv-heading1494_859aa1-e7\">Descubre m\u00e1s actividades del Circular FAB de Coria<\/h2>\n\n\n<style>.wp-block-kadence-advancedheading.kt-adv-heading1494_fd7a6a-a9, .wp-block-kadence-advancedheading.kt-adv-heading1494_fd7a6a-a9[data-kb-block=\"kb-adv-heading1494_fd7a6a-a9\"]{text-align:center;font-style:normal;}.wp-block-kadence-advancedheading.kt-adv-heading1494_fd7a6a-a9 mark.kt-highlight, .wp-block-kadence-advancedheading.kt-adv-heading1494_fd7a6a-a9[data-kb-block=\"kb-adv-heading1494_fd7a6a-a9\"] mark.kt-highlight{font-style:normal;color:#f76a0c;-webkit-box-decoration-break:clone;box-decoration-break:clone;padding-top:0px;padding-right:0px;padding-bottom:0px;padding-left:0px;}.wp-block-kadence-advancedheading.kt-adv-heading1494_fd7a6a-a9 img.kb-inline-image, .wp-block-kadence-advancedheading.kt-adv-heading1494_fd7a6a-a9[data-kb-block=\"kb-adv-heading1494_fd7a6a-a9\"] img.kb-inline-image{width:150px;vertical-align:baseline;}<\/style>\n<p class=\"kt-adv-heading1494_fd7a6a-a9 wp-block-kadence-advancedheading\" data-kb-block=\"kb-adv-heading1494_fd7a6a-a9\">Visita la p\u00e1gina web<\/p>\n\n\n<style>.wp-block-kadence-advancedbtn.kb-btns1494_706796-86{gap:var(--global-kb-gap-xs, 0.5rem );justify-content:center;align-items:center;}.kt-btns1494_706796-86 .kt-button{font-weight:normal;font-style:normal;}<\/style>\n<div class=\"wp-block-kadence-advancedbtn kb-buttons-wrap kb-btns1494_706796-86\"><style>ul.menu .wp-block-kadence-advancedbtn .kb-btn1494_21fcba-15.kb-button{width:initial;}.wp-block-kadence-advancedbtn .kb-btn1494_21fcba-15.kb-button{padding-right:100px;padding-left:100px;}@media all and (max-width: 767px){.wp-block-kadence-advancedbtn .kb-btn1494_21fcba-15.kb-button{font-size:15px;}}<\/style><a class=\"kb-button kt-button button kb-btn1494_21fcba-15 kt-btn-size-standard kt-btn-width-type-full kb-btn-global-inherit  kt-btn-has-text-true kt-btn-has-svg-false  wp-block-button__link wp-block-kadence-singlebtn\" href=\"https:\/\/coria.circularfab.es\/\" target=\"_blank\" rel=\"noreferrer noopener\"><span class=\"kt-btn-inner-text\">P\u00e1gina del Circular FAB de Coria<\/span><\/a><\/div>\n<\/div><\/div>\n\n<\/div><\/div>","protected":false},"excerpt":{"rendered":"<p>circular fab coria Un Circular FAB es un centro de innovaci\u00f3n territorial que impulsa la digitalizaci\u00f3n, la sostenibilidad y el emprendimiento en entornos rurales, ofreciendo formaci\u00f3n, tecnolog\u00eda y apoyo a empresas y ciudadan\u00eda. Actividades La Magia del C\u00f3digo F\u00edsico Taller orientado a iniciarse en programaci\u00f3n y montaje de circuitos b\u00e1sicos, dirigido a personas sin experiencia&#8230;<\/p>\n","protected":false},"author":3,"featured_media":362,"parent":0,"menu_order":0,"comment_status":"closed","ping_status":"closed","template":"","meta":{"_kadence_starter_templates_imported_post":true,"_kad_post_transparent":"","_kad_post_title":"","_kad_post_layout":"","_kad_post_sidebar_id":"","_kad_post_content_style":"","_kad_post_vertical_padding":"","_kad_post_feature":"","_kad_post_feature_position":"","_kad_post_header":false,"_kad_post_footer":false,"_kad_post_classname":"","footnotes":""},"class_list":["post-1494","page","type-page","status-publish","has-post-thumbnail","hentry"],"_links":{"self":[{"href":"https:\/\/arduinoweekextremadura.es\/index.php\/wp-json\/wp\/v2\/pages\/1494","targetHints":{"allow":["GET"]}}],"collection":[{"href":"https:\/\/arduinoweekextremadura.es\/index.php\/wp-json\/wp\/v2\/pages"}],"about":[{"href":"https:\/\/arduinoweekextremadura.es\/index.php\/wp-json\/wp\/v2\/types\/page"}],"author":[{"embeddable":true,"href":"https:\/\/arduinoweekextremadura.es\/index.php\/wp-json\/wp\/v2\/users\/3"}],"replies":[{"embeddable":true,"href":"https:\/\/arduinoweekextremadura.es\/index.php\/wp-json\/wp\/v2\/comments?post=1494"}],"version-history":[{"count":3,"href":"https:\/\/arduinoweekextremadura.es\/index.php\/wp-json\/wp\/v2\/pages\/1494\/revisions"}],"predecessor-version":[{"id":1537,"href":"https:\/\/arduinoweekextremadura.es\/index.php\/wp-json\/wp\/v2\/pages\/1494\/revisions\/1537"}],"wp:featuredmedia":[{"embeddable":true,"href":"https:\/\/arduinoweekextremadura.es\/index.php\/wp-json\/"}],"wp:attachment":[{"href":"https:\/\/arduinoweekextremadura.es\/index.php\/wp-json\/wp\/v2\/media?parent=1494"}],"curies":[{"name":"wp","href":"https:\/\/api.w.org\/{rel}","templated":true}]}}